051?
-14052
In base 12, what is 31a0 - -7?
31a7
In base 9, what is -4 - -31131?
31126
In base 5, what is 234233313 - -2?
234233320
In base 16, what is 231 - -215?
446
In base 2, what is 10 - 111110010001010101?
-111110010001010011
In base 3, what is -22100111112 + 11?
-22100111101
In base 15, what is 12 - -30ab?
30bd
In base 7, what is -1 - -210311?
210310
In base 14, what is 2 - 36d2?
-36d0
In base 7, what is 4 - -34234?
34241
In base 16, what is 2a + 413?
43d
In base 5, what is 4232 + 120?
4402
In base 15, what is 1d - -3e7d?
3e9b
In base 9, what is 13 - 268851?
-268837
In base 7, what is 44 + -53?
-6
In base 7, what is 103 - 213055?
-212652
In base 13, what is 186c - -1?
1870
In base 7, what is 2603054 - 5?
2603046
In base 5, what is -10 + 44123324?
44123314
In base 14, what is 84 - -d3?
177
In base 4, what is 300 - -3322202?
3323102
In base 5, what is -42103201 - -3?
-42103143
In base 5, what is 4211 - -114?
4330
In base 13, what is 4 - -4a6710?
4a6714
In base 8, what is 106324 - 22?
106302
In base 11, what is -53 - -141?
99
In base 4, what is -2231310 - 3010?
-2300320
In base 9, what is -10860 - 217?
-11177
In base 10, what is 0 + 2177?
2177
In base 12, what is 3 + -689113?
-689110
In base 9, what is -5474 + 28?
-5445
In base 12, what is -65b - 0?
-65b
In base 13, what is -10aa - 9a4?
-1a81
In base 2, what is 1 + -111010111111000?
-111010111110111
In base 12, what is 3b81 + -169?
3a14
In base 10, what is -272 + 7758?
7486
In base 3, what is -11020 + 2210012?
2121222
In base 15, what is -2d - 19575?
-195a3
In base 10, what is 3 - 158422?
-158419
In base 11, what is 2 - 15257?
-15255
In base 16, what is 158 + -3?
155
In base 8, what is -1462465 - 2?
-1462467
In base 13, what is -377 - -8a0?
526
In base 16, what is -1 + -15be4?
-15be5
In base 6, what is -2353141 - 4?
-2353145
In base 15, what is 11 + c697?
c6a8
In base 15, what is -43de2a + 4?
-43de26
In base 16, what is 9441 + 0?
9441
In base 6, what is -45 - 25?
-114
In base 8, what is -200 + -15755?
-16155
In base 16, what is 1ad - 3cd?
-220
In base 9, what is -28285 - 22?
-28317
In base 15, what is -5 + 10b57?
10b52
In base 15, what is -1086 - 6?
-108c
In base 15, what is 2075a3 - 5?
20759d
In base 4, what is 11 - 1211032?
-1211021
In base 14, what is 4 + -92443?
-9243d
In base 11, what is 721 - -162?
883
In base 6, what is 3 - 134353?
-134350
In base 5, what is 244 + -114222?
-113423
In base 14, what is -c197d - -3?
-c197a
In base 15, what is e91dd + 4?
e91e2
In base 7, what is 34 + -1403152?
-1403115
In base 5, what is 3 - -20241?
20244
In base 12, what is 4 - 4546?
-4542
In base 11, what is -1493 - -2?
-1491
In base 2, what is -100000110 + 1111111?
-10000111
In base 15, what is -b04d + -3e?
-b08c
In base 11, what is 1 + -16433?
-16432
In base 14, what is 5 - -d6ac?
d6b3
In base 6, what is 44 - 222525?
-222441
In base 4, what is -2 - 13111321?
-13111323
In base 5, what is 0 + -442042?
-442042
In base 11, what is -2 + -146977?
-146979
In base 14, what is 13337 - -3?
1333a
In base 5, what is 243400 - 10?
243340
In base 11, what is -4 + 353822?
353819
In base 5, what is -111 - -20431323?
20431212
In base 6, what is -2 - -53452?
53450
In base 9, what is -3 + 1148212?
1148208
In base 15, what is -7aa1 - -4?
-7a9c
In base 6, what is 13 + -13332?
-13315
In base 7, what is 32203302 - -5?
32203310
In base 13, what is 49194a - -3?
491950
In base 16, what is -4 - 32bf?
-32c3
In base 14, what is -155a0 - 50?
-15610
In base 2, what is -1010 + -11011001101000?
-11011001110010
In base 9, what is 1 - 14760?
-14758
In base 5, what is 11224434 + 101?
11230040
In base 2, what is -10000010011 - -101100?
-1111100111
In base 3, what is -1121 - -1021012012?
1021010121
In base 6, what is -21 + -254245?
-254310
In base 16, what is -c + 1cba?
1cae
In base 15, what is 97 - -148?
1e0
In base 7, what is -26 + 13516?
13460
In base 16, what is 3 + 250a0?
250a3
In base 9, what is 85 + -1756?
-1661
In base 15, what is d1dc46 - -3?
d1dc49
In base 12, what is -30 + -41a53?
-41a83
In base 13, what is -611c + -5a?
-6179
In base 12, what is 650258 - 0?
650258
In base 9, what is 167736 - 2?
167734
In base 15, what is -d0 - 3d2?
-4b2
In base 10, what is -2 - 5209?
-5211
In base 14, what is 27 - 714b?
-7124
In base 13, what is -9 + 2b51?
2b45
In base 3, what is -1222 + 10020220?
10011221
In base 3, what is -21102011 - 101?
-21102112
In base 8, what is 42716 + 205?
43123
In base 8, what is -51107 + 0?
-51107
In base 5, what is 11223 - -102320?
114043
In base 16, what is -92 + -1f?
-b1
In base 10, what is -210 + 67?
-143
In base 6, what is 45020 + 53?
45113
In base 9, what is 18382 + 1?
18383
In base 12, what is 29 - 9a4?
-977
In base 3, what is -1210 + 12221100?
12212120
In base 2, what is -1001010111000111 - -110?
-1001010111000001
In base 6, what is -211 - -4444?
4233
In base 5, what is 420213443 + -4?
420213434
In base 3, what is -12121220 + -2112?
-12201102
In base 10, what is 4584 + 212?
4796
In base 2, what is -111101 + 1011000?
11011
In base 9, what is -75 + -2705?
-2781
In base 6, what is -12505540 - -3?
-12505533
In base 3, what is 12 - 210220221?
-210220202
In base 15, what is 62b + 9?
635
In base 12, what is -4 + -3311?
-3315
In base 5, what is -40 - -2440432?
2440342
In base 11, what is 18 + -2648?
-2630
In base 13, what is -6 + -2798?
-27a1
In base 11, what is -160a - -2a?
-1590
In base 16, what is e8115 - 2?
e8113
In base 7, what is 1041636 + 3?
1041642
In base 12, what is 1843 + 2?
1845
In base 2, what is 10000 - 1001000100011001011?
-1001000100010111011
In base 6, what is -104544 + -1?
-104545
In base 9, what is 73 - -556?
640
In base 12, what is -20 - 17?
-37
In base 13, what is -2 + 121ca?
121c8
In base 10, what is 755 + -138?
617
In base 6, what is -201205 - 300?
-201505
In base 8, what is -2111 + -1553?
-3664
In base 10, what is -138 - -10008?
9870
In base 2, what is -100101111110111100 + 100?
-100101111110111000
In base 11, what is 0 + 77865?
77865
In base 9, what is 14634 - -25?
14660
In base 4, what is 20 - 13102321?
-13102301
In base 3, what is -102020000111 + 1?
-102020000110
In base 2, what is 1100100110 - 100111?
1011111111
In base 8, what is 1 - 342232?
-342231
In base 7, what is 131500 - 21?
131446
In base 15, what is -5a64 + -5?
-5a69
In base 8, what is 1544544 + -1?
1544543
In base 15, what is -5 + 85b39?
85b34
In base 8, what is 165 + -13?
152
In base 12, what is -4 - -b150?
b148
In base 15, what is -c2ce6 - -4?
-c2ce2
In base 15, what is -5c288 - -1?
-5c287
In base 10, what is 5 - 36535?
-36530
In base 13, what is -3c5 - -163?
-262
In base 8, what is -201025 + 40?
-200765
In base 10, what is -2 + 132593?
132591
In base 9, what is 4412 + -118?
4283
In base 9, what is -70 + -1422?
-1502
In base 5, what is 3402321 - -114?
3402440
In base 15, what is 62ca + -16?
62b4
In base 6, what is -11354 + 113?
-11241
In base 13, what is 6557 - -1?
6558
In base 8, what is 67446 - 0?
67446
In base 9, what is 3047 + 47?
3105
In base 14, what is -d - -1235?
1226
In base 3, what is -20210012 - -102?
-20202210
In base 12, what is 38 - -12?
4a
In base 7, what is 4 - 51424?
-51420
In base 11, what is 5 - 264?
-25a
In base 2, what is 11000010000010 - 1000?
11000001111010
In base 12, what is -11 - 2928?
-2939
In base 13, what is 0 - 563a?
-563a
In base 10, what is -26447 + 3?
-26444
In base 13, what is 3 + 1152c7?
1152ca
In base 10, what is -5 + 39121?
39116
In base 2, what is 10101101 + 1000111011?
1011101000
In base 11, what is 28 + 531?
559
In base 5, what is 143132 + -3?
143124
In base 8, what is -4 + 2270601?
2270575
In base 10, what is 4452 - 4?
4448
In base 8, what is 1 + 141402?
141403
In base 11, what is 54aa + 2?
5501
In base 6, what is -2305444 + -52?
-2305540
In base 9, what is -4 + -163154?
-163158
In base 6, what is -2140 + 2345?
205
In base 3, what is 22222210222 + -10?
22222210212
In base 3, what is 212011012012 - -11?
212011012100
In base 11, what is -5 + 69333?
69329
In base 11, what is -56448 - 2?
-5644a
In base 10, what is 1792 - -7?
1799
In base 9, what is 63 + 358?
432
In base 12, what is 63a9 - -b7?
64a4
In base 8, what is 4 + 2170254?
2170260
In base 5, what is 1024343 + 12?
1024410
In base 10, what is 3347 - -64?
3411
In base 11, what is -50 - 2842?
-2892
In base 12, what is -14197 + -2?
-